 + 60*z - 27 + 71*z**2 - 37*z**2 - 60*z**2 + z**3 + 10. Is t(27) a composite number?
False
Is 91/273 + 102676/6 prime?
False
Let w = 408809 - -77004. Is w a prime number?
False
Suppose -19 = -5*c - 3*g, 3*g - 2 = 5*c - 3. Let z(y) = -2*y**2 + y**c - 1 - 13*y + 6. Is z(-6) composite?
False
Suppose -1663963 = -28*b + 2030889. Is b a prime number?
True
Suppose 555 = 8*c - 7*c. Suppose -67*a + 70*a = c. Is a prime?
False
Suppose 0 = 5*s - 3*v + 6 - 15, -9 = 3*v. Suppose o + 153 + 457 = s. Let j = 1019 + o. Is j a composite number?
False
Suppose 10*d = 14*d - 11740. Is d prime?
False
Let t(r) = -69565*r - 10 + 69566*r + 34*r**2 - 8*r**2. Suppose -g - 5*w - 8 = -2*g, 0 = -w - 3. Is t(g) prime?
False
Is 26603482/1644 - 10/(-12) a prime number?
True
Let m(q) be the third derivative of 161*q**4/24 + q**3/3 + 3*q**2. Let x be 1 - 9 - -4 - (-13 - -6). Is m(x) a composite number?
True
Let z = 593 - 590. Suppose -4*f + p = f - 45911, -z*f + 27553 = p. Is f a prime number?
False
Let q(a) = -a**3 + 4*a**2 - 12*a - 27. Let j be q(-5). Suppose 451 = j*b - 257*b. Is b a prime number?
False
Let x(u) = -u**3 + 20*u**2 + 3. Suppose 4*n - 40 = 2*n. Let k be x(n). Suppose 7*z - k*z = 844. Is z composite?
False
Suppose 0 = -2*j - 7 + 15. Suppose -j*k + 57032 = -3*z, 2*k = -2*z - 1517 + 30019. Is k composite?
True
Let f(d) = -d**2 - 31*d - 71. Let p(t) = t**2 + 15*t + 36. Let k(r) = 3*f(r) + 5*p(r). Suppose 0 = 10*y + 3399 - 3259. Is k(y) prime?
False
Suppose 3*n - 4*p - 2 = 18, 0 = -2*p - 4. Suppose -5*h + 13500 = -5*i, -3*h - n*i = -0*h - 8135. Is h prime?
False
Let c be (-7)/(-35) + 162*(-58)/(-20). Suppose 2*x = -5*o - c + 1451, 2*o + x = 393. Suppose o = j - 164. Is j prime?
True
Let i(n) = -n**3 + 25*n**2 + 12*n - 23. Let m = 225 + -212. Is i(m) prime?
True
Let u(w) = -23 - w**2 + 234*w**3 - 2*w + 12 + 21. Is u(2) a composite number?
True
Let a be 0 - ((-9 - -4) + 81). Is (a/57)/((-12)/112743) composite?
False
Let y(n) = -n**3 - 3*n + 4. Let a be y(3). Is (-962)/(-6) + a/24 a composite number?
True
Suppose 0 = t + 2*w - 74121, -2*w - 244617 + 96387 = -2*t. Is t a composite number?
True
Let n = 146700 + 129309. Is n prime?
False
Suppose -47 = 14*c - 103. Suppose c*n = 57*d - 60*d + 749, 0 = -5*n - 2*d + 945. Is n composite?
False
Suppose 183*b - 1547506 - 2603117 = 0. Is b a prime number?
False
Let i be (104/(-10))/2 - 33/(-165). Let n be -2 - 1 - 1/(i/20). Is (-7)/(n*(-1)/37) a prime number?
False
Let m be (-10)/(-15)*150/20. Is (((-16760)/(-32))/m)/((-2)/(-104)) composite?
True
Let p(k) be the first derivative of -2*k**2 + 22*k + 7. Let c be p(5). Suppose -3*q = -c*f + 514, -3*q = -0*f + 5*f - 1243. Is f prime?
True
Let o = -1947141 - -3262012. Is o composite?
False
Suppose -2*g + 215369 = -n, 5*g + n - 129061 = 409351. Is g prime?
False
Suppose 4*x - 5*x = -l - 1131, -4*x - l = -4499. Let u = 1357 + x. Is u composite?
True
Suppose 98231 + 188004 = 4*j - 44313. Is j a composite number?
True
Is (-3)/(-5)*(-2855420)/(-12) a composite number?
False
Suppose -3*m - i = 15, m = -2*m - 2*i - 18. Let j be 3/(1 + m)*4. Is -3*((-113)/j - 3)*-4 composite?
True
Suppose -4*n + 682484 = 4*g, 0 = 5*g - 547*n + 548*n - 853129. Is g a composite number?
False
Suppose -d + 3*d = -b + 23, 4*d + b - 45 = 0. Suppose d = c + 7. Is (14138/c)/(7 - 26/4) a composite number?
False
Suppose 619548 = -66*u + 78*u. Is u a prime number?
False
Let g = 583084 + -363699. Suppose -12*o + 58523 + g = 0. Is o prime?
True
Let k(c) = 166*c**3 - 51*c**2 + 49*c - 15. Is k(14) a composite number?
False
Is 57454 + 2/(-2)*(-4 + 1) prime?
True
Suppose 5*f + r - 5*r = 250, 4*f = -4*r + 236. Let l = -3521 - -3524. Suppose 0 = l*t - 4*d - 238, -298 = -3*t + d - f. Is t composite?
True
Let b be (-14)/(-105) - 4/30. Suppose -84*t + 74*t + 18010 = b. Is t a prime number?
True
Suppose -o = 3*o - 16. Suppose 0 = -0*s - o*s + t + 532, -3*t = s - 146. Suppose -3*g - 5*i = -774, 117 = g + 4*i - s. Is g composite?
False
Suppose 7*d - 36 + 8 = 0. Suppose -d*y - 2 = -5*h, -4 - 14 = -4*y - 5*h. Is 4*(y + -1)*(-217)/(-28) a prime number?
True
Suppose 1040 = 4*y - 192. Suppose -6*j = 3*c - c - 3976, 4*j + 4*c = 2648. Let a = j - y. Is a prime?
False
Suppose -2*n + z - 319 = 0, 653 = -4*n + 3*z + 2*z. Let u(v) = -3*v**3 - 4*v**2 + 10*v + 15. Let m be u(-5). Let g = n + m. Is g a composite number?
False
Suppose 5*u + 4427 + 741 = 4*j, -3*u - 5160 = -4*j. Let o = j - 112. Is (-21)/28 - o/(-4) a composite number?
False
Let d be (2 + 34/(-5))/(3/(-50)). Suppose d*s + 19671 = 83*s. Is s a prime number?
False
Let c(z) = -3*z - 15. Let r be c(-3). Let d(i) = -3*i - 14. Let f be d(r). Suppose -f*a - 2*k - 2*k + 2100 = 0, -3*a + 1583 = k. Is a composite?
True
Suppose -2*w + r + 20 + 18 = 0, 4*r = -4*w + 100. Suppose 0 = l - w + 16. Suppose -3*y + 4099 = 5*q, -l*q = 3*y - q - 4097. Is y prime?
False
Let q(x) = x**3 + 104*x**2 + 646*x + 46. Is q(-95) a prime number?
False
Let o(q) = 4*q - 22. Let d be o(17). Let z = -43 + d. Suppose z*y + y - 1556 = 0. Is y a composite number?
False
Suppose -15 = -5*m - 55, 15*m + 1481055 = 3*i. Is i a prime number?
False
Let t(w) = 6*w**2 + 2*w + 51. Let k(b) = -b**2 - 11*b + 18. Let r be k(-13). Is t(r) a prime number?
True
Let m(y) = 1060*y - 21. Let x(i) = -2122*i + 42. Let u(b) = 5*m(b) + 3*x(b). Is u(-2) composite?
False
Suppose 2*x + 18155 = w - 4*w, 6054 = -w - 3*x. Suppose -3*c - 5719 = 5*r, r + r - 2*c + 2278 = 0. Let d = r - w. Is d a composite number?
False
Let l be (15/(-10) + 1)*-28. Suppose 12*r - l*r = -4, -4*r = 4*n - 9340. Is n prime?
True
Suppose -2*r + 7*r = -0*r. Suppose r = -0*q + 6*q - 2388. Is q prime?
False
Suppose 29*q + 28*q - 58*q = -112849. Is q a composite number?
True
Let k(q) = -15007*q**3 - 5*q**2 + 6*q - 11. Let h be k(4). Is h/(-65) - (2 + 72/(-39)) a composite number?
True
Let r be (1 - (-18)/(-4))*464/(-812). Suppose r = -2*p, -2*i - 27*p = -31*p - 11162. Is i composite?
True
Is ((-76881)/(-6) - 2/4)*(-2)/(-6) prime?
True
Let x = -1540 + 4316. Suppose -x = -4*b - 5*v - 0*v, -2748 = -4*b + 2*v. Is b a composite number?
True
Let k = 657 - 651. Is ((k + -7)/(-1))/(-1) + 9774 a composite number?
True
Let p(l) = -37*l**3 - 2*l**2 - 4*l - 3. Let n = 14 - 9. Suppose 11 = -8*z - n. Is p(z) a composite number?
False
Suppose 5 = 2*y + 4*g - 25, 0 = y - g. Suppose y*q = 7*q - 4. Suppose -1078 = -2*c + b, q*b - 1090 = -c - c. Is c a composite number?
False
Let c = 16863 + 39598. Is c a composite number?
True
Let s = -3240115 + 4882686. Is s prime?
False
Let j be 4/5*(-195)/(-78) + 0. Suppose -5*y + 22970 = -5*a, 5*a = j*y - 4*y + 9167. Is y prime?
True
Let u be 2/20*4*30. Suppose 2*v - 2*o = 5*v - 2, -3*v = -3*o - u. Is -631*(-5 - (v + -6)) a composite number?
False
Let x = 132274 - 82465. Is x a composite number?
True
Suppose 3*s + 2424443 = 4*d, 3*d - 1778972 = -3*s + 39376. Is d prime?
True
Let v = -18 + 32. Let x(h) = -2*h**2 - 179*h - 995. Let k be x(-6). Suppose v*o = k*o + 6181. Is o composite?
False
Let n be (4/5)/((-5)/(-1400)). Let f be n/20 - 2/(0 - -10). Let k(t) = 3*t**2 - 7*t + 7. Is k(f) a composite number?
False
Suppose 3*m - 5*j = 24, 2*m - 21 = 3*j + 2*j. Suppose -m*f - 27 = -0*f. Is (6/f)/(4/(-3))*2570 a prime number?
False
Let x(h) = -31*h - 32. Let f(u) = 18*u**2 + 3*u + 1. Let i be f(-1). Let v be x(i). Let d = 395 - v. Is d a prime number?
False
Let n(v) = -2033*v - 78. Let y be n(-5). Let u = 226 + y. Is u a composite number?
False
Let r = -557 - -491. Let d = 6949 + r. Is d composite?
False
Suppose 2094*m = 2108*m - 123998. Is m a composite number?
True
Let f be (-2)/8 + 306/72. Suppose 2*a + f = 0, 2*s + 2*a - 3154 = -0*a. Is s a prime number?
True
Suppose -180 + 60 = 12*i. Let l be (-2)/12*-3 + (-33175)/i. Suppose -l = -g - 5*g. Is g a prime number?
False
Let n(x) = -2*x**3 + 38*x**2 + 10*x + 27. Let t = -466 + 482. Is n(t) composite?
False
Suppose -4*c = 2*v + 5 - 13, 3*v - 8 = -5*c. Is ((-9981)/(-6) - 0)/((-6)/v) a composite number?
False
Let n(t) = -1339*t + 30. Suppose -28*o + 40*o + 132 = 0. Is n(o) prime?
True
Let k be (-112485)/(-30) - 2/4. Suppose 4*n = 27*n - k. Is n prime?
True
Is (-7266256)/24*51/(-34) a prime number?
True
Let z(x) = 62*x**2 - 383*x - 38. Is z(-13) prime?
False
Is -5*3/(105/(-227353)) a composite number?
False
Is ((-3